{"id":405,"date":"2012-09-21T00:28:27","date_gmt":"2012-09-21T00:28:27","guid":{"rendered":"http:\/\/www.silverbreezei.com\/?page_id=405"},"modified":"2023-09-13T14:35:27","modified_gmt":"2023-09-13T21:35:27","slug":"ahorre-energia","status":"publish","type":"page","link":"https:\/\/www.silverbreezei.com\/?page_id=405","title":{"rendered":"Ahorra Energ\u00eda"},"content":{"rendered":"<p><a href=\"http:\/\/www.silverbreezei.com\/wp-content\/uploads\/2012\/09\/medidor.jpg\"><img loading=\"lazy\" decoding=\"async\" class=\" wp-image-408 alignleft\" title=\"medidor\" src=\"http:\/\/www.silverbreezei.com\/wp-content\/uploads\/2012\/09\/medidor.jpg\" alt=\"\" width=\"376\" height=\"282\" srcset=\"https:\/\/www.silverbreezei.com\/wp-content\/uploads\/2012\/09\/medidor.jpg 470w, https:\/\/www.silverbreezei.com\/wp-content\/uploads\/2012\/09\/medidor-300x224.jpg 300w\" sizes=\"auto, (max-width: 376px) 100vw, 376px\" \/><\/a><\/p>\n<p>Si tienen refrigeradores viejos o de segunda mano, pueden representar m\u00e1s del 20% de su consumo de energ\u00eda.<\/p>\n<p>Refrigeradores y congeladores viejos pueden utilizar hasta cuatro veces m\u00e1s energ\u00eda que los nuevos energ\u00e9ticamente eficientes modelos de alta eficiencia.<br \/>\nA menudo se utilizan refrigeradores de segunda o baja eficiencia se utiliza durante todo el a\u00f1o representando altos consumos de energ\u00eda, hay que reciclarlos inhabilit\u00e1ndolos para evitar sigan consumiendo mucha energ\u00eda.<\/p>\n<p>La energ\u00eda es cara de producir y de gran demanda. Mayores necesidades de energ\u00eda requieren una mayor producci\u00f3n de energ\u00eda, lo que aumenta los costos para todos.<\/p>\n<p>Conservar la energ\u00eda tiene un impacto positivo en el medio ambiente. Casi el 70% de la electricidad se genera con carb\u00f3n y el gas natural, que emiten gases de efecto invernadero a la atm\u00f3sfera y contribuye al calentamiento global.<\/p>\n<p>Reciclaje de los aparatos ahorra energ\u00eda de tres maneras:<\/p>\n<p>Reciclaje de materias primas recuperado de la aparatos, la eliminaci\u00f3n de los electrodom\u00e9sticos m\u00e1s antiguos y sustituci\u00f3n con mayor eficiencia energ\u00e9tica modelos, y evitando las emisiones de gases de efecto invernadero.<br \/>\nReciclaje de 1.000 refrigeradores o congeladores viejos se ahorrar\u00eda suficiente energ\u00eda para proporcionar toda la potencia necesaria para 999 hogares durante un a\u00f1o.<\/p>\n","protected":false},"excerpt":{"rendered":"<p>Si tienen refrigeradores viejos o de segunda mano, pueden representar m\u00e1s del 20% de su consumo de energ\u00eda. Refrigeradores y congeladores viejos pueden utilizar hasta cuatro veces m\u00e1s energ\u00eda que los nuevos energ\u00e9ticamente eficientes modelos de alta eficiencia. A menudo se utilizan refrigeradores de segunda o baja eficiencia se utiliza&#8230;<\/p>\n","protected":false},"author":1,"featured_media":0,"parent":0,"menu_order":0,"comment_status":"closed","ping_status":"closed","template":"","meta":{"footnotes":""},"class_list":["post-405","page","type-page","status-publish","hentry"],"aioseo_notices":[],"_links":{"self":[{"href":"https:\/\/www.silverbreezei.com\/index.php?rest_route=\/wp\/v2\/pages\/405","targetHints":{"allow":["GET"]}}],"collection":[{"href":"https:\/\/www.silverbreezei.com\/index.php?rest_route=\/wp\/v2\/pages"}],"about":[{"href":"https:\/\/www.silverbreezei.com\/index.php?rest_route=\/wp\/v2\/types\/page"}],"author":[{"embeddable":true,"href":"https:\/\/www.silverbreezei.com\/index.php?rest_route=\/wp\/v2\/users\/1"}],"replies":[{"embeddable":true,"href":"https:\/\/www.silverbreezei.com\/index.php?rest_route=%2Fwp%2Fv2%2Fcomments&post=405"}],"version-history":[{"count":6,"href":"https:\/\/www.silverbreezei.com\/index.php?rest_route=\/wp\/v2\/pages\/405\/revisions"}],"predecessor-version":[{"id":695,"href":"https:\/\/www.silverbreezei.com\/index.php?rest_route=\/wp\/v2\/pages\/405\/revisions\/695"}],"wp:attachment":[{"href":"https:\/\/www.silverbreezei.com\/index.php?rest_route=%2Fwp%2Fv2%2Fmedia&parent=405"}],"curies":[{"name":"wp","href":"https:\/\/api.w.org\/{rel}","templated":true}]}}