{"id":412,"date":"2012-09-21T00:38:33","date_gmt":"2012-09-21T00:38:33","guid":{"rendered":"http:\/\/www.silverbreezei.com\/?page_id=412"},"modified":"2023-09-13T14:33:48","modified_gmt":"2023-09-13T21:33:48","slug":"por-que-reciclar","status":"publish","type":"page","link":"https:\/\/www.silverbreezei.com\/?page_id=412","title":{"rendered":"\u00bfPor qu\u00e9 Reciclar?"},"content":{"rendered":"<p><span style=\"font-size: 14px;\"><strong><span style=\"color: #000000;\">Reciclaje Responsable Protege el Planeta<br \/>\n<a href=\"http:\/\/www.silverbreezei.com\/wp-content\/uploads\/2012\/09\/countryside-devon1.jpg\"><img loading=\"lazy\" decoding=\"async\" class=\" wp-image-425 alignleft\" title=\"Reciclaje responsable\" src=\"http:\/\/www.silverbreezei.com\/wp-content\/uploads\/2012\/09\/countryside-devon1-768x1024.jpg\" alt=\"\" width=\"277\" height=\"368\" srcset=\"https:\/\/www.silverbreezei.com\/wp-content\/uploads\/2012\/09\/countryside-devon1-768x1024.jpg 768w, https:\/\/www.silverbreezei.com\/wp-content\/uploads\/2012\/09\/countryside-devon1-225x300.jpg 225w, https:\/\/www.silverbreezei.com\/wp-content\/uploads\/2012\/09\/countryside-devon1-530x706.jpg 530w, https:\/\/www.silverbreezei.com\/wp-content\/uploads\/2012\/09\/countryside-devon1.jpg 960w\" sizes=\"auto, (max-width: 277px) 100vw, 277px\" \/><\/a><br \/>\n<\/span><\/strong><\/span><\/p>\n<p>Tratamiento correcto del reciclaje de electrodom\u00e9sticos viejos salvaguardas el medio ambiente de las toxinas, gases que agotan la capa de ozono y\/o producen calentamiento global, y reduce el flujo de residuos.<\/p>\n<p>Mayores refrigeradores, aires acondicionados y congeladores contienen una serie de componentes peligrosos y t\u00f3xicos sin reciclarse, reutiliz\u00e1ndolos o elimin\u00e1ndolos correctamente estos contaminantes se terminan en un basurero a cielo abierto y se liberan en el medio ambiente. Silver Breeze recicla aproximadamente 90% de cada aparato.<\/p>\n<p>No s\u00f3lo es la energ\u00eda y el dinero que se ahorra al no tener que producir materias primas, los productos reciclados no entran en el flujo de residuos, produciendo un beneficio a\u00fan m\u00e1s<br \/>\npara el medio ambiente.<\/p>\n<p>Toma Acci\u00f3n Reduce la huella de carbono de una manera muy grande:<\/p>\n<p>Reciclar un solo refrigerador o congelador evita hasta 10 toneladas de equivalente de CO2 y CO2 de entrar en la atm\u00f3sfera. Que es igual a sacar dos autos de circulaci\u00f3n contaminando durante un a\u00f1o.<\/p>\n","protected":false},"excerpt":{"rendered":"<p>Reciclaje Responsable Protege el Planeta Tratamiento correcto del reciclaje de electrodom\u00e9sticos viejos salvaguardas el medio ambiente de las toxinas, gases que agotan la capa de ozono y\/o producen calentamiento global, y reduce el flujo de residuos. Mayores refrigeradores, aires acondicionados y congeladores contienen una serie de componentes peligrosos y t\u00f3xicos&#8230;<\/p>\n","protected":false},"author":1,"featured_media":0,"parent":0,"menu_order":0,"comment_status":"closed","ping_status":"closed","template":"","meta":{"footnotes":""},"class_list":["post-412","page","type-page","status-publish","hentry"],"aioseo_notices":[],"_links":{"self":[{"href":"https:\/\/www.silverbreezei.com\/index.php?rest_route=\/wp\/v2\/pages\/412","targetHints":{"allow":["GET"]}}],"collection":[{"href":"https:\/\/www.silverbreezei.com\/index.php?rest_route=\/wp\/v2\/pages"}],"about":[{"href":"https:\/\/www.silverbreezei.com\/index.php?rest_route=\/wp\/v2\/types\/page"}],"author":[{"embeddable":true,"href":"https:\/\/www.silverbreezei.com\/index.php?rest_route=\/wp\/v2\/users\/1"}],"replies":[{"embeddable":true,"href":"https:\/\/www.silverbreezei.com\/index.php?rest_route=%2Fwp%2Fv2%2Fcomments&post=412"}],"version-history":[{"count":14,"href":"https:\/\/www.silverbreezei.com\/index.php?rest_route=\/wp\/v2\/pages\/412\/revisions"}],"predecessor-version":[{"id":414,"href":"https:\/\/www.silverbreezei.com\/index.php?rest_route=\/wp\/v2\/pages\/412\/revisions\/414"}],"wp:attachment":[{"href":"https:\/\/www.silverbreezei.com\/index.php?rest_route=%2Fwp%2Fv2%2Fmedia&parent=412"}],"curies":[{"name":"wp","href":"https:\/\/api.w.org\/{rel}","templated":true}]}}