{"id":7,"date":"2012-07-02T21:25:53","date_gmt":"2012-07-02T21:25:53","guid":{"rendered":"http:\/\/www.silverbreezei.com\/?page_id=7"},"modified":"2023-09-13T17:18:08","modified_gmt":"2023-09-14T00:18:08","slug":"servicios","status":"publish","type":"page","link":"https:\/\/www.silverbreezei.com\/?page_id=7","title":{"rendered":"Manejo de Refrigerantes"},"content":{"rendered":"<p>Apoyamos en el Cuidado del Medio Ambienta a Empresas para establezcan una Econom\u00eda Circular en Manejo de sus Residuos, para esto ofrecemos seg\u00fan sus requerimientos<\/p>\n<p><strong>\u00a0<\/strong><\/p>\n<p><span style=\"font-size: 12pt;\"><strong>&#8211; Acopio <\/strong><\/span><\/p>\n<p><span style=\"font-size: 12pt;\"><strong>&#8211; Transporte<\/strong><\/span><\/p>\n<p><span style=\"font-size: 12pt;\"><strong>&#8211; Recuperaci\u00f3n<\/strong><\/span><\/p>\n<p><span style=\"font-size: 12pt;\"><strong>&#8211; Disposici\u00f3n Final de Reciclaje como Integraci\u00f3n en Hornos<\/strong><\/span><\/p>\n<p><span style=\"font-size: 12pt;\"><strong>&#8211; Asesor\u00eda T\u00e9cnica, Procesos, Ambiental Legal<\/strong><\/span><\/p>\n<p><span style=\"font-size: 12pt;\"><strong>&#8211; Programas de Capacitaci\u00f3n, Procesos Internos y de Control de Emisiones<\/strong><\/span><\/p>\n<p><span style=\"font-size: 12pt;\"><strong>&#8211; Asesor\u00eda en tramites de Autorizaciones y Permisos para el correcto manejo de sus Residuos<\/strong><\/span><\/p>\n","protected":false},"excerpt":{"rendered":"<p>Apoyamos en el Cuidado del Medio Ambienta a Empresas para establezcan una Econom\u00eda Circular en Manejo de sus Residuos, para esto ofrecemos seg\u00fan sus requerimientos \u00a0 &#8211; Acopio &#8211; Transporte &#8211; Recuperaci\u00f3n &#8211; Disposici\u00f3n Final de Reciclaje como Integraci\u00f3n en Hornos &#8211; Asesor\u00eda T\u00e9cnica, Procesos, Ambiental Legal &#8211; Programas de&#8230;<\/p>\n","protected":false},"author":1,"featured_media":0,"parent":0,"menu_order":0,"comment_status":"closed","ping_status":"closed","template":"","meta":{"footnotes":""},"class_list":["post-7","page","type-page","status-publish","hentry"],"aioseo_notices":[],"_links":{"self":[{"href":"https:\/\/www.silverbreezei.com\/index.php?rest_route=\/wp\/v2\/pages\/7","targetHints":{"allow":["GET"]}}],"collection":[{"href":"https:\/\/www.silverbreezei.com\/index.php?rest_route=\/wp\/v2\/pages"}],"about":[{"href":"https:\/\/www.silverbreezei.com\/index.php?rest_route=\/wp\/v2\/types\/page"}],"author":[{"embeddable":true,"href":"https:\/\/www.silverbreezei.com\/index.php?rest_route=\/wp\/v2\/users\/1"}],"replies":[{"embeddable":true,"href":"https:\/\/www.silverbreezei.com\/index.php?rest_route=%2Fwp%2Fv2%2Fcomments&post=7"}],"version-history":[{"count":8,"href":"https:\/\/www.silverbreezei.com\/index.php?rest_route=\/wp\/v2\/pages\/7\/revisions"}],"predecessor-version":[{"id":704,"href":"https:\/\/www.silverbreezei.com\/index.php?rest_route=\/wp\/v2\/pages\/7\/revisions\/704"}],"wp:attachment":[{"href":"https:\/\/www.silverbreezei.com\/index.php?rest_route=%2Fwp%2Fv2%2Fmedia&parent=7"}],"curies":[{"name":"wp","href":"https:\/\/api.w.org\/{rel}","templated":true}]}}